-8
-1 - (-4 - -7 - (-3 - -8))
1
What is 0 + (-1 - 0 - -3)?
2
Calculate 1 - (13 - (0 - -7)).
-5
What is -3 + (4 - 0) + 28 + -32?
-3
9 + -6 - (-4 - (0 - 2))
5
Evaluate 5 + 0 + (-3 + 3 - 4).
1
What is (-5 - 8) + -10 + 15?
-8
What is the value of 1 + 7 + (-6 - (-8 + 4))?
6
1 - ((0 - 0) + 3)
-2
What is 5 + 0 + (34 + -16 - 30)?
-7
What is -2 - (-3 + (-5 + -2 - -5))?
3
What is the value of 14 - 13 - (1 - -1)?
-1
Evaluate 0 + -2 - (-7 + 2).
3
Evaluate -3 + -3 + (-1 - -9) + 1.
3
What is the value of -1 - (-2 - -5 - 7 - -7)?
-4
What is 8 + (-19 - -1 - -6)?
-4
What is the value of 5 + -2 + 2 + -2 + -3?
0
Evaluate -7 - (-7 - (-1 - (-4 - -3))).
0
2 + (2 - 10) + 3 + 2
-1
Evaluate -50 - -45 - (-10 + -3).
8
Calculate (-1 - 6) + (65 - 65).
-7
Evaluate -5 + -1 + 3 + -5 + 2.
-6
What is 81 - 75 - (7 + -1)?
0
What is -1 - (4 - 5 - -3 - 8)?
5
0 + (4 - -5) + -3 + -1
5
What is the value of 12 - (-2 - -4 - -7 - 5)?
8
What is the value of 4 - (5 - -4) - (0 - 4)?
-1
Calculate -8 + -1 + (8 - -1).
0
What is (2 + -10 - -1) + (3 - 1)?
-5
4 - 4 - (0 + -1)
1
Evaluate -1 + 0 - (-6 - -2).
3
4 - 9 - (1 - 11)
5
Calculate (-14 - (5 + -12)) + 9.
2
What is 0 + -5 + 11 + -3?
3
Evaluate (0 + 0 - -1) + (0 - 2).
-1
Evaluate 14 - (-12 - -11) - 12.
3
What is -1 - ((-5 - (-1 + -2)) + 0)?
1
Calculate -5 - ((5 - 6) + 0).
-4
What is -3 + (2 - 0) + (-3 - -5)?
1
Calculate 2 - (4 - (2 + 2)).
2
Calculate -6 + 0 + -2 + 12.
4
-14 + (1 - -12) + 0
-1
What is -2 + 18 + -12 + -3 + 1?
2
What is the value of -15 + (7 - (2 - 2))?
-8
Calculate (-5 + 4 - 2) + 6.
3
Calculate (1 - -4 - 2) + -3.
0
What is 1 + 0 - (-1 - (-5 - -4))?
1
What is 0 + 6 + 1 + -1 + -14?
-8
Calculate (5 + 10 - 2) + (-4 - 1).
8
Evaluate 2 + (-1 - 1) + -5.
-5
Calculate 1 - 1 - (5 - 2 - 1).
-2
Calculate 6 + (10 - 18) + 3.
1
What is the value of 22 + -22 - (0 - -5)?
-5
What is the value of (1 - (-8 + 5)) + -7?
-3
Calculate -3 - (-3 - -6 - (1 - -5)).
0
Calculate -1 - -5 - (8 + (-9 - -4)).
1
(1 - 7) + 1 + (5 - 4)
-4
What is 6 - (-14 + 1) - 14?
5
Evaluate 3 - 4 - 0 - 2.
-3
13 + (-11 - -7) + -10
-1
What is the value of 2 - (4 + -5) - 6?
-3
What is (0 - (-13 - -4)) + (-2 - 2)?
5
Calculate 2 + -1 + 4 + -14 + 11.
2
Calculate -3 - 3 - -1 - -3 - 2.
-4
Calculate -1 + (6 + -2 - 8).
-5
-15 - -14 - (3 - 10) - 6
0
Calculate 14 + (-1 - (-4 - -8)).
9
Evaluate 3 + -1 + -5 + 1.
-2
What is -4 - (-5 + 7 + -8)?
2
0 + (1 - (-7 - -1)) + -13
-6
What is the value of -13 - (3 + 4 + -15)?
-5
Evaluate -14 + 11 - (-1 + 1).
-3
Evaluate -16 - -13 - -3 - (-1 + -6).
7
What is -8 - (-18 + 3) - (13 + 1)?
-7
What is the value of (-1 - -3) + -17 + 16?
1
Evaluate -4 + -1 + 0 + -2.
-7
-3 + 1 + 4 + -4 - -3
1
Evaluate 532 + -527 - ((0 - 0) + 14).
-9
What is the value of (4 - 1) + -5 - -1?
-1
-9 + (-1 - -19) + -9
0
5 + 4 + -6 + -8
-5
What is (5 - 4) + -1 + 0 + -1?
-1
Calculate (-3 - (4 - 3)) + 1.
-3
Calculate (11 - 7) + -16 + (-6 - -7).
-11
What is 2 - (-1 + 12 - 5)?
-4
What is -103 + 115 + (0 - 5)?
7
Calculate -4 - (-1 + 0 + -19 + 19).
-3
What is -14 + (12 - 9) - -10?
-1
What is -8 - -2 - -3 - -2?
-1
-12 - 0 - ((-3 - -4) + -7)
-6
Evaluate 0 + (-1 - -1) - (9 - 3).
-6
Calculate 1 + -6 + -19 + 20 + 4.
0
Evaluate -10 + (-17 - -6 - -23).
2
Evaluate (-3 + 9 + -8 - 0) + 9.
7
(-9 - (-5 - 0)) + 3
-1
What is (-6 - (-6 - -3)) + 3?
0
(2 - 0) + (-6 - 3)
-7
-10 + 7 + 3 - 8
-8
-8 - (-2 - 19 - -8)
5
Evaluate 4 + -6 - (-7 + 0).
5
-2 + 2 + 3 + -9
-6
What is 3 + (1 - (15 - 7))?
-4
0 + -2 + (1 - 2)
-3
-3 - (-3 + 0 + -3)
3
Calculate -5 + 2 + 5 - 5.
-3
What is the value of -6 - (2 + -5 + -2)?
-1
What is -1 + (6 - 10) - -8?
3
What is the value of -5 - (-4 - (-1 + -4))?
-6
What is the value of -2 + (7 - 3) + (1 - 0)?
3
Calculate 2 - (3 + -10 + 6 + 0).
3
Calculate -6 + (2 - (2 + -4 + 2)).
-4
Evaluate -4 + 4 + -5 - -4.
-1
Calculate 4 + -11 + (6 - 3).
-4
-1 + -5 + 6 + 2 + 3
5
Calculate 6 + -11 + 19 - 7.
7
Calculate 1 + 5 + -8 + 0 + 6.
4
Calculate 3 - (11 + -4 + 5 + -5).
-4
(2 + -6 - -5) + -7
-6
What is -3 + (-4 - -7) + -2 + 2?
0
Calculate -2 - (-3 - -2 - (0 - -4)).
3
Evaluate 46 + -45 - (-1 - -1).
1
What is the value of -5 + -3 + 12 + -5?
-1
0 + -6 + 3 + -2
-5
(-7 - -3) + 1 - -3
0
16 + -2 + -9 + -4
1
Calculate -2 + 7 + -2 + -1 - -3.
5
Evaluate -6 + 1 + 10 + -5.
0
(7 + -4 - 0) + (-10 - -3)
-4
Evaluate -8 + 11 - 9 - (0 - 9).
3
Evaluate 0 + (5 - -1) + -3 + 5.
8
What is 3 - (7 + 2 + -1)?
-5
What is (3 - 5) + -2 - (-4 - -3)?
-3
Evaluate -3 - -8 - (-5 - -7).
3
Calculate 3 + 1 - (6 + -2).
0
Calculate -6 + (17 - 7 - 0).
4
What is 0 + 2 - -3 - (-4 - -6)?
3
What is -4 - (-5 + -2) - -3?
6
What is 1 + -3 - (14 - 12)?
-4
What is 1 - (-5 - -3) - (-3 - -1)?
5
What is (0 - (9 + -7)) + -5 + 0?
-7
What is (10 - (2 - -6)) + 0?
2
Calculate 3 - ((-6 - (-19 + 7)) + 0).
-3
What is -33 + 14 + 14 + (2 - -4)?
1
Evaluate -5 - ((2 - 5) + -5).
3
Calculate -1 + -1 - (-1 + 4 + 0).
-5
-2 + 1 + 5 - (-12 - -12)
4
What is the value of -7 - -7 - (-3 - -8)?
-5
-1 - 7 - -1 - -2
-5
18 + -9 - (14 + -4)
-1
-1 + (2 - 2) - (-31 + 28)
2
What is the value of (2 - 0) + (5 - 9) + -6?
-8
What is (0 + 0 - 10) + -17 + 23?
-4
What is the value of (-9 - -5) + (-1 - -1)?
-4
What is the value of (-2 - -3 - -1) + (-5 - -8)?
5
What is the value of 3 + -2 + (7 - 3) + -3?
2
Calculate -9 - -7 - (3 - 3 - 5).
3
Evaluate (2 - -2) + (-5 - (-15 + 21)).
-7
What is the value of (2 - -5) + -5 - 5 - -4?
1
(0 - 3) + (-238 - -238)
-3
What is 2 + -3 + 5 - (0 - -7)?
-3
What is 3 + 2 + -7 - -2?
0
Evaluate 6 + -1 + -4 - 4 - -4.
1
Evaluate 5 - (-6 - -2) - 4.
5
Calculate -3 + 4 + -2 + 3.
2
7 + -7 + 2 + (1 - 2)
1
What is -11 - -24 - 14 - -7?
6
Evaluate -7 + (-19 - -6) + 11.
-9
Evaluate 0 + -3 + 0 + -1 - -1.
-3
Evaluate 0 - 1 - 5 - -1.
-5
Evaluate (-8 - -1) + 20 + -11.
2
5 - 7 - 1 - (-2 - -1)
-2
What is (0 + -1 - (4 - 7)) + -3?
-1
Calculate 11 - 3 - (6 + 6 + -7).
3
Evaluate 12 - ((20 - 6) + -9).
7
5 - ((-5 - -8) + -4) - 4
2
What is 4 + (-13 - (-3 + -9))?
3
Evaluate 1 - -3 - ((-5 - -21) + -8).
-4
What is -2 + 2 + (2 + -1 - 3)?
-2
What is the value of 5 + -4 + (1 - -2) + 0?
4
Evaluate -13 - 0 - (-65 - -61) - -4.
-5
What is the value of (0 + -6 - 3) + 2?
-7
8 + -3 - ((-6 - -3) + 6)
2
Evaluate -11 - (2 + -1 - 6) - -15.
9
11 + -5 + -11 + 10
5
Evaluate -2 + 4 + 0 + -2 + 2.
2
What is 0 + 0 + (17 + 8 - 23)?
2
(46 - 42) + (-2 - -5 - -1)
8
What is -10 - (-17 + (16 - 9))?
0
Evaluate 10 + 2 - 24 - (0 + -8).
-4
Calculate -4 + 4 + -1 + -3.
-4
What is 0 + 0 - (7 - 5)?
-2
Evaluate 2 + -2 + (0 - 3).
-3
Calculate (-4 - 2) + (-2 - 1) + 4.
-5
(-3 - -1) + (2 - 2)
-2
12 + (-9 - (-7 - -4))
6
Calculate 15 + 0 + -9 + 0.
6
Evaluate 5 + (5 - 9) + 3.
4
What is the value of (2 - 2) + -1 + (0 - 2)?
-3
What is -6 + 1 - (-27 - -26)?
-4
Evaluate -5 + 1 + (9 - 7).
-2
Calculate (1 - -8) + (-36 - -32).
5
What is the value of (-1 - (0 - 1)) + -1?
-1
What is the value of (54 - 37) + -15 + 2?
4
4 - (-1 + 8) - -7
4
What is -3 - (-22 + 27 + -1 + 1)?
-8
What is -1 + (-2 - -5) + -2 - 5?
-5
Evaluate -5 + (8 - 3) + 4.
4
What is (8 - 7 - 2) + -5 + 1?
-5
-1 + 1 + 0 + -5 + 8
3
Evaluate (7 - 3) + -3 + 2 + 0.
3
(2 - 1 - (4 - 2)) + -1
-2
What is the value of 1 - (4 - 15 - (2 + -7))?
7
What is (-8 - (-6 + 2) - -7) + -5?
-2
Calculate 5 - ((4 - -1) + 0).
0
What is the value of -5 + -9 + 0 + 5 + 2?
-7
Calculate 0 - (2 - ((1 - 1) + 1)).
-1
What is the value of (-1 - (1 - 0)) + 2 - -2?
2
Calculate 0 + -9 - (-4 + -10).
5
What is the value of 5 - (-5 - (-6 - (0 - -11)))?
-7
Evaluate -3 + 5 - (-16 - -18).
0
Evaluate 1 + -4 + 4 + -3.
-2
What is 3 + -1 - ((-4 - -6) + 4)?
-4
What is the value of (7 - 5 - (1 - 3)) + -1?
3
What is the value of -1 + 3 + -9 - (2 + -7)?
-2
Calculate (-1 - (-2 - 5)) + -4.
2
Evaluate -8 - (-5 + 1) - (-31 + 28).
-1
What is the value of 6 + -1 - (-35 - -43)?
-3
What is -2 - (-9 - -1) - 4?
2
What is -8 + (-8 - (5 - 23))?
2
Calculate -5 - 0 - -2 - (2 - 0).
-5
Calculate -2 - ((-1 - 3) + 4).
-2
Evaluate (15 - 15 - -9) + -10.
-1
-1 - (-1 + 5 + -6 + 0)
1
What is the value of -2 - (-12 + 1) - 4?
5
Evaluate -14 - (-13 - -6 - 12).
5
What is (2 - (7 + -3)) + (-5 - -2)?
-5
What is the value of 3 - (-2 + (3 - 1))?
3
4 + (-12 - -9 - (-4 - 0))
5
What is -3 - (-5 - (-1 - (5 + -3)))?
-1
-3 + 1 - -3 - 4
-3
What is 8 + -18 + 8 + 9?
7
(-1 + 1 - 4) + 3 + 4
3
What is the value of 12 - (-8 + 21) - 7?
-8
Evaluate (0 + 0 - -1) + (-5 - -1)